{"id":92,"date":"2026-02-08T21:42:28","date_gmt":"2026-02-08T20:42:28","guid":{"rendered":"https:\/\/chvl-info.ovh\/index.php\/services\/"},"modified":"2026-03-07T19:24:10","modified_gmt":"2026-03-07T18:24:10","slug":"services","status":"publish","type":"page","link":"https:\/\/chvl-info.ovh\/index.php\/services\/","title":{"rendered":"Services"},"content":{"rendered":"\n\n\n\n\n\n\n\n","protected":false},"excerpt":{"rendered":"","protected":false},"author":1,"featured_media":0,"parent":0,"menu_order":0,"comment_status":"closed","ping_status":"closed","template":"full-width","meta":{"saved_in_kubio":true,"footnotes":""},"class_list":["post-92","page","type-page","status-publish","hentry"],"kubio_ai_page_context":{"short_desc":"Cette page se concentre sur la mise en valeur des offres de notre entreprise. Pr\u00e9sentez des d\u00e9tails sur les produits sp\u00e9cifiques, les solutions ou l'expertise que notre entreprise fournit pour attirer des clients potentiels.","purpose":"services","isFrontPage":false},"_links":{"self":[{"href":"https:\/\/chvl-info.ovh\/index.php\/wp-json\/wp\/v2\/pages\/92","targetHints":{"allow":["GET"]}}],"collection":[{"href":"https:\/\/chvl-info.ovh\/index.php\/wp-json\/wp\/v2\/pages"}],"about":[{"href":"https:\/\/chvl-info.ovh\/index.php\/wp-json\/wp\/v2\/types\/page"}],"author":[{"embeddable":true,"href":"https:\/\/chvl-info.ovh\/index.php\/wp-json\/wp\/v2\/users\/1"}],"replies":[{"embeddable":true,"href":"https:\/\/chvl-info.ovh\/index.php\/wp-json\/wp\/v2\/comments?post=92"}],"version-history":[{"count":2,"href":"https:\/\/chvl-info.ovh\/index.php\/wp-json\/wp\/v2\/pages\/92\/revisions"}],"predecessor-version":[{"id":186,"href":"https:\/\/chvl-info.ovh\/index.php\/wp-json\/wp\/v2\/pages\/92\/revisions\/186"}],"wp:attachment":[{"href":"https:\/\/chvl-info.ovh\/index.php\/wp-json\/wp\/v2\/media?parent=92"}],"curies":[{"name":"wp","href":"https:\/\/api.w.org\/{rel}","templated":true}]}}